{"id":195,"date":"2026-02-28T09:10:30","date_gmt":"2026-02-28T08:10:30","guid":{"rendered":"https:\/\/dev.minilernkreis.de\/sachsenanhalt-mitte\/?page_id=195"},"modified":"2026-02-28T09:10:54","modified_gmt":"2026-02-28T08:10:54","slug":"jobs","status":"publish","type":"page","link":"https:\/\/minilernkreis.de\/sachsenanhalt-mitte\/jobs\/","title":{"rendered":"Jobs"},"content":{"rendered":"\n<div class=\"wp-block-group mlk-hero ort is-layout-constrained wp-block-group-is-layout-constrained\" style=\"padding-top:var(--wp--preset--spacing--60);padding-bottom:var(--wp--preset--spacing--60)\">\n<div class=\"wp-block-group has-light-background-color has-background is-layout-flow wp-block-group-is-layout-flow\" style=\"margin-top:var(--wp--preset--spacing--50);margin-bottom:var(--wp--preset--spacing--50);padding-top:var(--wp--preset--spacing--50);padding-bottom:var(--wp--preset--spacing--50)\">\n<div class=\"wp-block-group px-3 is-layout-constrained wp-container-core-group-is-layout-4383d167 wp-block-group-is-layout-constrained\">\n<div class=\"wp-block-group is-layout-grid wp-container-core-group-is-layout-56b368d5 wp-block-group-is-layout-grid\">\n<div class=\"wp-block-group is-content-justification-center is-layout-constrained wp-block-group-is-layout-constrained\">\n<div class=\"wp-block-group has-medium-font-size is-vertical is-layout-flex wp-container-core-group-is-layout-535b741f wp-block-group-is-layout-flex\" style=\"padding-right:var(--wp--preset--spacing--80);padding-left:0;font-style:normal;font-weight:500\">\n<h2 class=\"wp-block-heading has-primary-color has-text-color\"><strong>Werden Sie Teil unseres\n\t\t\t\t\t\t\t\tTeams<\/strong><\/h2>\n\n\n\n<p class=\"has-text-color has-text-color\">Gestalten Sie die Zukunft der Bildung mit uns und\n\t\t\t\t\t\t\tunterst\u00fctzen Sie Sch\u00fcler <br>auf ihrem Weg zum Erfolg.<\/p>\n\n\n\n<div style=\"height:0px\" aria-hidden=\"true\" class=\"wp-block-spacer wp-container-content-b0b89ccb\"><\/div>\n\n\n\n<div class=\"mlk-feature circle\">\n\t<div class=\"icon circle\">\n\t\t<i class=\"fa-solid fa-clock\"><\/i>\n\t<\/div>\n\t<div class=\"text\">\n\t\t<span class=\"title\">Flexible Arbeitszeiten<\/span>\n\t\t<span class=\"subtitle\">Planen Sie Ihren Unterricht nach Ihren Vorstellungen<\/span>\n\t<\/div>\n<\/div>\n\n\n\n<div style=\"height:0px\" aria-hidden=\"true\" class=\"wp-block-spacer wp-container-content-728072c3\"><\/div>\n\n\n\n<div class=\"mlk-feature circle\">\n\t<div class=\"icon circle\">\n\t\t<i class=\"fa-solid fa-euro\"><\/i>\n\t<\/div>\n\t<div class=\"text\">\n\t\t<span class=\"title\">Attraktive Verg\u00fctung<\/span>\n\t\t<span class=\"subtitle\">Profitieren Sie von einer fairen Bezahlung<\/span>\n\t<\/div>\n<\/div>\n\n\n\n<div style=\"height:0px\" aria-hidden=\"true\" class=\"wp-block-spacer wp-container-content-728072c3\"><\/div>\n\n\n\n<div class=\"mlk-feature circle\">\n\t<div class=\"icon circle\">\n\t\t<i class=\"fa-solid fa-users\"><\/i>\n\t<\/div>\n\t<div class=\"text\">\n\t\t<span class=\"title\">Starkes Team<\/span>\n\t\t<span class=\"subtitle\">Werden Sie Teil einer engagierten Gemeinschaft<\/span>\n\t<\/div>\n<\/div>\n<\/div>\n<\/div>\n\n\n\n<div class=\"wp-block-group is-content-justification-right is-layout-constrained wp-container-core-group-is-layout-417f712f wp-block-group-is-layout-constrained\">\n<figure class=\"wp-block-image aligncenter size-full has-custom-border\"><img decoding=\"async\" src=\"\/wp-content\/themes\/mlk-theme\/assets\/images\/Lehrerbild.jpg\" alt=\"Nachhilfelehrkraft gesucht in [[ort]]\" class=\"wp-image-124\" style=\"border-top-left-radius:20px;border-top-right-radius:20px;border-bottom-left-radius:20px;border-bottom-right-radius:20px;aspect-ratio:2\/3;object-fit:cover\" title=\"Nachhilfelehrkraft gesucht in [[ort]]\" \/><\/figure>\n<\/div>\n<\/div>\n<\/div>\n<\/div>\n<\/div>\n\n\n\n<div class=\"wp-block-group px-4 is-layout-constrained wp-container-core-group-is-layout-4383d167 wp-block-group-is-layout-constrained\">\n<div class=\"wpcf7 no-js\" id=\"wpcf7-f194-o1\" lang=\"de-DE\" dir=\"ltr\" data-wpcf7-id=\"194\">\n<div class=\"screen-reader-response\"><p role=\"status\" aria-live=\"polite\" aria-atomic=\"true\"><\/p> <ul><\/ul><\/div>\n<form action=\"\/sachsenanhalt-mitte\/wp-json\/wp\/v2\/pages\/195#wpcf7-f194-o1\" method=\"post\" class=\"wpcf7-form init\" aria-label=\"Kontaktformular\" novalidate=\"novalidate\" data-status=\"init\">\n<fieldset class=\"hidden-fields-container\"><input type=\"hidden\" name=\"_wpcf7\" value=\"194\" \/><input type=\"hidden\" name=\"_wpcf7_version\" value=\"6.1.5\" \/><input type=\"hidden\" name=\"_wpcf7_locale\" value=\"de_DE\" \/><input type=\"hidden\" name=\"_wpcf7_unit_tag\" value=\"wpcf7-f194-o1\" \/><input type=\"hidden\" name=\"_wpcf7_container_post\" value=\"0\" \/><input type=\"hidden\" name=\"_wpcf7_posted_data_hash\" value=\"\" \/>\n<\/fieldset>\n<div class=\"cf7ms-progress\" data-cf7ms-progress>\n            <div class=\"cf7ms-progress__track\" aria-hidden=\"true\"><\/div>\n            <div class=\"cf7ms-progress__list\" data-cf7ms-progress-list><\/div>\n        <\/div><div class=\"mlk-formular d-flex flex-column gap-4\">\n\t<p><section class=\"cf7ms-step\" data-cf7ms-step data-cf7ms-step-name=\"Personalien\">\n\t<\/p>\n\t<div class=\"row\">\n\t\t<div class=\"col-12\">\n\t\t\t<p><label class=\"form-label\">Anrede<br \/>\n<span class=\"wpcf7-form-control-wrap\" data-name=\"salutation\"><select class=\"wpcf7-form-control wpcf7-select wpcf7-validates-as-required form-select max-width-fit-content\" aria-required=\"true\" aria-invalid=\"false\" name=\"salutation\"><option value=\"Herr\">Herr<\/option><option value=\"Frau\">Frau<\/option><option value=\"Divers\">Divers<\/option><\/select><\/span><br \/>\n<\/label>\n\t\t\t<\/p>\n\t\t<\/div>\n\t<\/div>\n\t<div class=\"row\">\n\t\t<div class=\"col-12 col-md-6\">\n\t\t\t<p><label class=\"form-label\">Vorname <span class=\"required\">*<\/span><br \/>\n<span class=\"wpcf7-form-control-wrap\" data-name=\"first-name\"><input size=\"40\" maxlength=\"400\" class=\"wpcf7-form-control wpcf7-text wpcf7-validates-as-required form-control\" autocomplete=\"given-name\" aria-required=\"true\" aria-invalid=\"false\" value=\"\" type=\"text\" name=\"first-name\" \/><\/span><\/label>\n\t\t\t<\/p>\n\t\t<\/div>\n\t\t<div class=\"col-12 col-md-6\">\n\t\t\t<p><label class=\"form-label\">Nachname <span class=\"required\">*<\/span><br \/>\n<span class=\"wpcf7-form-control-wrap\" data-name=\"last-name\"><input size=\"40\" maxlength=\"400\" class=\"wpcf7-form-control wpcf7-text wpcf7-validates-as-required form-control\" autocomplete=\"family-name\" aria-required=\"true\" aria-invalid=\"false\" value=\"\" type=\"text\" name=\"last-name\" \/><\/span><\/label>\n\t\t\t<\/p>\n\t\t<\/div>\n\t<\/div>\n\t<div class=\"row\">\n\t\t<div class=\"col-12\">\n\t\t\t<p><label class=\"form-label\">PLZ <span class=\"required\">*<\/span><br \/>\n<span class=\"wpcf7-form-control-wrap\" data-name=\"plz\"><input size=\"5\" maxlength=\"5\" minlength=\"5\" class=\"wpcf7-form-control wpcf7-text wpcf7-validates-as-required form-control max-width-fit-content\" aria-required=\"true\" aria-invalid=\"false\" value=\"\" type=\"text\" name=\"plz\" \/><\/span><br \/>\n<\/label>\n\t\t\t<\/p>\n\t\t<\/div>\n\t<\/div>\n\t<div class=\"row\">\n\t\t<div class=\"col-12 col-md-6\">\n\t\t\t<p><label class=\"form-label\">E-Mail <span class=\"required\">*<\/span><br \/>\n<span class=\"wpcf7-form-control-wrap\" data-name=\"your-email\"><input size=\"40\" maxlength=\"400\" class=\"wpcf7-form-control wpcf7-email wpcf7-validates-as-required wpcf7-text wpcf7-validates-as-email form-control\" autocomplete=\"email\" aria-required=\"true\" aria-invalid=\"false\" value=\"\" type=\"email\" name=\"your-email\" \/><\/span><\/label>\n\t\t\t<\/p>\n\t\t<\/div>\n\t\t<div class=\"col-12 col-md-6\">\n\t\t\t<p><label class=\"form-label\">Telefon (Mobil oder Festnetz)<br \/>\n<span class=\"wpcf7-form-control-wrap\" data-name=\"phone\"><input size=\"40\" maxlength=\"400\" class=\"wpcf7-form-control wpcf7-tel wpcf7-text wpcf7-validates-as-tel form-control\" autocomplete=\"tel\" aria-invalid=\"false\" value=\"\" type=\"tel\" name=\"phone\" \/><\/span><\/label>\n\t\t\t<\/p>\n\t\t<\/div>\n\t<\/div>\n\t<div class=\"mt-4\">\n\t\t<p><button type=\"button\" class=\"mlk-cta-button wp-element-button float-end\" data-cf7ms-next>Weiter<\/button>\n\t\t<\/p>\n\t<\/div>\n\t<p><\/section><br \/>\n<section class=\"cf7ms-step\" data-cf7ms-step data-cf7ms-step-name=\"Nachhilfe\">\n\t<\/p>\n\t<div class=\"row\">\n\t\t<div class=\"col-12\">\n\t\t\t<p>Sie m\u00f6chten Ihr Wissen weitergeben und Sch\u00fcler:innen unterst\u00fctzen? Dann werden Sie ein Teil vom Mini-Lernkreis und unterrichten Sie flexibel in Ihrer N\u00e4he oder bequem online!\n\t\t\t<\/p>\n\t\t<\/div>\n\t\t<div class=\"col-12 mt-3\">\n\t\t\t<p><label class=\"form-label\">Art der Nachhilfe<\/label><br \/>\n<span class=\"wpcf7-form-control-wrap\" data-name=\"nachhilfe-art\"><span class=\"wpcf7-form-control wpcf7-checkbox form-check-input\"><span class=\"wpcf7-list-item first\"><label><input type=\"checkbox\" name=\"nachhilfe-art[]\" value=\"Online-Nachhilfe\" \/><span class=\"wpcf7-list-item-label\">Online-Nachhilfe<\/span><\/label><\/span><span class=\"wpcf7-list-item\"><label><input type=\"checkbox\" name=\"nachhilfe-art[]\" value=\"Pr\u00e4senznachhilfe\" \/><span class=\"wpcf7-list-item-label\">Pr\u00e4senznachhilfe<\/span><\/label><\/span><span class=\"wpcf7-list-item last\"><label><input type=\"checkbox\" name=\"nachhilfe-art[]\" value=\"Beim Sch\u00fcler Zuhause\" \/><span class=\"wpcf7-list-item-label\">Beim Sch\u00fcler Zuhause<\/span><\/label><\/span><\/span><\/span>\n\t\t\t<\/p>\n\t\t<\/div>\n\t\t<div class=\"col-12 mt-3\">\n\t\t\t<p><label class=\"form-label\">* Ihre F\u00e4cher &amp; Qualifikationen<\/label><br \/>\n<span class=\"wpcf7-form-control-wrap\" data-name=\"qualifikation\"><span class=\"wpcf7-form-control wpcf7-checkbox wpcf7-validates-as-required form-check-input\"><span class=\"wpcf7-list-item first\"><label><input type=\"checkbox\" name=\"qualifikation[]\" value=\"Mathematik\" \/><span class=\"wpcf7-list-item-label\">Mathematik<\/span><\/label><\/span><span class=\"wpcf7-list-item\"><label><input type=\"checkbox\" name=\"qualifikation[]\" value=\"Deutsch\" \/><span class=\"wpcf7-list-item-label\">Deutsch<\/span><\/label><\/span><span class=\"wpcf7-list-item\"><label><input type=\"checkbox\" name=\"qualifikation[]\" value=\"Englisch\" \/><span class=\"wpcf7-list-item-label\">Englisch<\/span><\/label><\/span><span class=\"wpcf7-list-item\"><label><input type=\"checkbox\" name=\"qualifikation[]\" value=\"Franz\u00f6sisch\" \/><span class=\"wpcf7-list-item-label\">Franz\u00f6sisch<\/span><\/label><\/span><span class=\"wpcf7-list-item\"><label><input type=\"checkbox\" name=\"qualifikation[]\" value=\"Latein\" \/><span class=\"wpcf7-list-item-label\">Latein<\/span><\/label><\/span><span class=\"wpcf7-list-item\"><label><input type=\"checkbox\" name=\"qualifikation[]\" value=\"Physik\" \/><span class=\"wpcf7-list-item-label\">Physik<\/span><\/label><\/span><span class=\"wpcf7-list-item\"><label><input type=\"checkbox\" name=\"qualifikation[]\" value=\"Chemie\" \/><span class=\"wpcf7-list-item-label\">Chemie<\/span><\/label><\/span><span class=\"wpcf7-list-item\"><label><input type=\"checkbox\" name=\"qualifikation[]\" value=\"Kaufm\u00e4nnische F\u00e4cher\" \/><span class=\"wpcf7-list-item-label\">Kaufm\u00e4nnische F\u00e4cher<\/span><\/label><\/span><span class=\"wpcf7-list-item\"><label><input type=\"checkbox\" name=\"qualifikation[]\" value=\"LRS\" \/><span class=\"wpcf7-list-item-label\">LRS<\/span><\/label><\/span><span class=\"wpcf7-list-item\"><label><input type=\"checkbox\" name=\"qualifikation[]\" value=\"Dyskalkulie\" \/><span class=\"wpcf7-list-item-label\">Dyskalkulie<\/span><\/label><\/span><span class=\"wpcf7-list-item last\"><label><input type=\"checkbox\" name=\"qualifikation[]\" value=\"sonstige\" \/><span class=\"wpcf7-list-item-label\">sonstige<\/span><\/label><\/span><\/span><\/span>\n\t\t\t<\/p>\n\t\t<\/div>\n\t<\/div>\n\t<div class=\"mt-4\">\n\t\t<p><button type=\"button\" class=\"mlk-cta-button wp-element-button float-start\" data-cf7ms-prev>Zur\u00fcck<\/button><br \/>\n<button type=\"button\" class=\"mlk-cta-button wp-element-button float-end\" data-cf7ms-next>Weiter<\/button>\n\t\t<\/p>\n\t<\/div>\n\t<p><\/section><br \/>\n<section class=\"cf7ms-step\" data-cf7ms-step data-cf7ms-step-name=\"Qualifikation\">\n\t<\/p>\n\t<div class=\"row g-3\">\n\t\t<div class=\"col-12\">\n\t\t\t<p><label class=\"form-label\">\ud83c\udf93 Welche Jahrgangsstufen k\u00f6nnen Sie unterrichten?<\/label><br \/>\n<span class=\"wpcf7-form-control-wrap\" data-name=\"jahrgangsstufen\"><span class=\"wpcf7-form-control wpcf7-checkbox form-check-input\"><span class=\"wpcf7-list-item first\"><label><input type=\"checkbox\" name=\"jahrgangsstufen[]\" value=\"1.-4. Klasse\" \/><span class=\"wpcf7-list-item-label\">1.-4. Klasse<\/span><\/label><\/span><span class=\"wpcf7-list-item\"><label><input type=\"checkbox\" name=\"jahrgangsstufen[]\" value=\"5.-10. Klasse\" \/><span class=\"wpcf7-list-item-label\">5.-10. Klasse<\/span><\/label><\/span><span class=\"wpcf7-list-item\"><label><input type=\"checkbox\" name=\"jahrgangsstufen[]\" value=\"11.-13. Klasse\" \/><span class=\"wpcf7-list-item-label\">11.-13. Klasse<\/span><\/label><\/span><span class=\"wpcf7-list-item last\"><label><input type=\"checkbox\" name=\"jahrgangsstufen[]\" value=\"Berufschule\" \/><span class=\"wpcf7-list-item-label\">Berufschule<\/span><\/label><\/span><\/span><\/span>\n\t\t\t<\/p>\n\t\t<\/div>\n\t\t<div class=\"col-12\">\n\t\t\t<p><label class=\"form-label\">Ihr H\u00f6chster Bildungsabschluss<\/label><br \/>\n<span class=\"wpcf7-form-control-wrap\" data-name=\"bildungsabschluss\"><select class=\"wpcf7-form-control wpcf7-select form-select\" aria-invalid=\"false\" name=\"bildungsabschluss\"><option value=\"Abitur\">Abitur<\/option><option value=\"Bachelor\">Bachelor<\/option><option value=\"Master\">Master<\/option><option value=\"1. Staatsexament\">1. Staatsexament<\/option><option value=\"2. Staatsexament\">2. Staatsexament<\/option><option value=\"Diplom\">Diplom<\/option><option value=\"Magister\">Magister<\/option><option value=\"Berufsabschluss\">Berufsabschluss<\/option><option value=\"Promotion\">Promotion<\/option><\/select><\/span>\n\t\t\t<\/p>\n\t\t<\/div>\n\t\t<div class=\"col-12\">\n\t\t\t<p><label class=\"form-label mb-0\">Deutsch Sprachniveau*<\/label>\n\t\t\t<\/p>\n\t\t\t<p><small>Der Nachhilfeunterricht findet auf Deutsch statt.<\/small>\n\t\t\t<\/p>\n\t\t\t<p><span class=\"wpcf7-form-control-wrap\" data-name=\"sprachkenntnisse\"><select class=\"wpcf7-form-control wpcf7-select form-select\" aria-invalid=\"false\" name=\"sprachkenntnisse\"><option value=\"Muttersprachliche Kenntnisse\">Muttersprachliche Kenntnisse<\/option><option value=\"Flie\u00dfende bis verhandlungssichere Kenntnisse\">Flie\u00dfende bis verhandlungssichere Kenntnisse<\/option><option value=\"Gute Kenntnisse\">Gute Kenntnisse<\/option><option value=\"Grundkenntnisse\">Grundkenntnisse<\/option><option value=\"Keine Kenntnisse\">Keine Kenntnisse<\/option><\/select><\/span>\n\t\t\t<\/p>\n\t\t<\/div>\n\t<\/div>\n\t<div class=\"mt-4\">\n\t\t<p><button type=\"button\" class=\"mlk-cta-button wp-element-button float-start\" data-cf7ms-prev>Zur\u00fcck<\/button><br \/>\n<button type=\"button\" class=\"mlk-cta-button wp-element-button float-end\" data-cf7ms-next>Weiter<\/button>\n\t\t<\/p>\n\t<\/div>\n\t<p><\/section><br \/>\n<section class=\"cf7ms-step\" data-cf7ms-step data-cf7ms-step-name=\"Abschluss\">\n\t<\/p>\n\t<div class=\"col-12\">\n\t\t<h3 class=\"mb-2\">JETZT BEWERBEN!\n\t\t<\/h3>\n\t\t<ul class=\"benefits-list list-unstyled\">\n\t\t\t<li>\n\t\t\t\t<p>\ud83d\udd39 Flexible Arbeitszeiten \u2013 Sie entscheiden, wann und wie oft Sie unterrichten m\u00f6chten.\n\t\t\t\t<\/p>\n\t\t\t<\/li>\n\t\t\t<li>\n\t\t\t\t<p>\ud83d\udd39 Faire Verg\u00fctung \u2013 Verdienen Sie gutes Geld mit Ihrer Expertise.\n\t\t\t\t<\/p>\n\t\t\t<\/li>\n\t\t\t<li>\n\t\t\t\t<p>\ud83d\udd39 Pers\u00f6nliche Unterst\u00fctzung \u2013 Wir stehen Ihnen jederzeit zur Seite.\n\t\t\t\t<\/p>\n\t\t\t<\/li>\n\t\t<\/ul>\n\t<\/div>\n\n <!-- Datenschutz &amp; Einwilligung -->\n\t<div class=\"col-12\">\n\t\t<p><label class=\"form-label\"><strong>Datenschutz &amp; Einwilligung<\/strong><\/label><br \/>\n<span class=\"wpcf7-form-control-wrap\" data-name=\"datenschutz\"><span class=\"wpcf7-form-control wpcf7-acceptance optional\"><span class=\"wpcf7-list-item\"><label><input type=\"checkbox\" name=\"datenschutz\" value=\"1\" class=\"form-check-input\" aria-invalid=\"false\" \/><span class=\"wpcf7-list-item-label\">* Ich habe die <a href=\"\/datenschutz\/\" target=\"_blank\" rel=\"noopener\">Datenschutzerkl\u00e4rung<\/a> gelesen und stimme der Verarbeitung meiner Daten zur Kontaktaufnahme und Bewerbung zu.<\/span><\/label><\/span><\/span><\/span><br \/>\n<span class=\"wpcf7-form-control-wrap\" data-name=\"acceptance-kontakt\"><span class=\"wpcf7-form-control wpcf7-acceptance\"><span class=\"wpcf7-list-item\"><label><input type=\"checkbox\" name=\"acceptance-kontakt\" value=\"1\" class=\"form-check-control\" aria-invalid=\"false\" \/><span class=\"wpcf7-list-item-label\">* Ich bin damit einverstanden, dass Mini-Lernkreis mich per E-Mail oder Telefon zur weiteren Bearbeitung meiner Bewerbung\n             kontaktiert. Diese Einwilligung kann ich jederzeit widerrufen.<\/span><\/label><\/span><\/span><\/span>\n\t\t<\/p>\n\t<\/div>\n\t<div class=\"mt-4\">\n\t\t<p><button type=\"button\" class=\"mlk-cta-button wp-element-button float-start\" data-cf7ms-prev>Zur\u00fcck<\/button><br \/>\n<input class=\"wpcf7-form-control wpcf7-submit has-spinner mlk-cta-button wp-element-button float-end\" type=\"submit\" value=\"Senden\" \/>\n\t\t<\/p>\n\t<\/div>\n\t<p><\/section>\n\t<\/p>\n<\/div>\n<div class=\"wpcf7-turnstile cf-turnstile\" data-sitekey=\"0x4AAAAAACND9vz_93rJUJYD\" data-response-field-name=\"_wpcf7_turnstile_response\"><\/div><div class=\"wpcf7-response-output\" aria-hidden=\"true\"><\/div>\n<\/form>\n<\/div>\n\n<\/div>\n","protected":false},"excerpt":{"rendered":"<p>Werden Sie Teil unseres Teams Gestalten Sie die Zukunft der Bildung mit uns und unterst\u00fctzen Sie Sch\u00fcler auf ihrem Weg zum Erfolg.<\/p>\n","protected":false},"author":5,"featured_media":0,"parent":0,"menu_order":0,"comment_status":"closed","ping_status":"closed","template":"page-partner","meta":{"inline_featured_image":false,"mlk_zustaendigkeit":"","mlk_adresse":"","mlk_email":"","mlk_telefon":"","footnotes":""},"class_list":["post-195","page","type-page","status-publish","hentry"],"yoast_head":"<!-- This site is optimized with the Yoast SEO plugin v27.2 - https:\/\/yoast.com\/product\/yoast-seo-wordpress\/ -->\n<title>Jobs - Mini-Lernkreis Preuschoft (Sachsen-Anhalt-Mitte)<\/title>\n<meta name=\"robots\" content=\"index, follow, max-snippet:-1, max-image-preview:large, max-video-preview:-1\" \/>\n<link rel=\"canonical\" href=\"https:\/\/minilernkreis.de\/sachsenanhalt-mitte\/jobs\/\" \/>\n<meta property=\"og:locale\" content=\"de_DE\" \/>\n<meta property=\"og:type\" content=\"article\" \/>\n<meta property=\"og:title\" content=\"Jobs - Mini-Lernkreis Preuschoft (Sachsen-Anhalt-Mitte)\" \/>\n<meta property=\"og:description\" content=\"Werden Sie Teil unseres Teams Gestalten Sie die Zukunft der Bildung mit uns und unterst\u00fctzen Sie Sch\u00fcler auf ihrem Weg zum Erfolg.\" \/>\n<meta property=\"og:url\" content=\"https:\/\/minilernkreis.de\/sachsenanhalt-mitte\/jobs\/\" \/>\n<meta property=\"og:site_name\" content=\"Mini-Lernkreis Preuschoft (Sachsen-Anhalt-Mitte)\" \/>\n<meta property=\"article:modified_time\" content=\"2026-02-28T08:10:54+00:00\" \/>\n<meta property=\"og:image\" content=\"https:\/\/minilernkreis.de\/gr-nol\/wp-content\/uploads\/sites\/3\/Lehrerbild.jpg\" \/>\n<meta name=\"twitter:card\" content=\"summary_large_image\" \/>\n<meta name=\"twitter:label1\" content=\"Gesch\u00e4tzte Lesezeit\" \/>\n\t<meta name=\"twitter:data1\" content=\"1\u00a0Minute\" \/>\n<script type=\"application\/ld+json\" class=\"yoast-schema-graph\">{\"@context\":\"https:\/\/schema.org\",\"@graph\":[{\"@type\":\"WebPage\",\"@id\":\"https:\/\/minilernkreis.de\/sachsenanhalt-mitte\/jobs\/\",\"url\":\"https:\/\/minilernkreis.de\/sachsenanhalt-mitte\/jobs\/\",\"name\":\"Jobs - Mini-Lernkreis Preuschoft (Sachsen-Anhalt-Mitte)\",\"isPartOf\":{\"@id\":\"https:\/\/minilernkreis.de\/sachsenanhalt-mitte\/#website\"},\"datePublished\":\"2026-02-28T08:10:30+00:00\",\"dateModified\":\"2026-02-28T08:10:54+00:00\",\"breadcrumb\":{\"@id\":\"https:\/\/minilernkreis.de\/sachsenanhalt-mitte\/jobs\/#breadcrumb\"},\"inLanguage\":\"de\",\"potentialAction\":[{\"@type\":\"ReadAction\",\"target\":[\"https:\/\/minilernkreis.de\/sachsenanhalt-mitte\/jobs\/\"]}]},{\"@type\":\"BreadcrumbList\",\"@id\":\"https:\/\/minilernkreis.de\/sachsenanhalt-mitte\/jobs\/#breadcrumb\",\"itemListElement\":[{\"@type\":\"ListItem\",\"position\":1,\"name\":\"Start\",\"item\":\"https:\/\/minilernkreis.de\/sachsenanhalt-mitte\/\"},{\"@type\":\"ListItem\",\"position\":2,\"name\":\"Jobs\"}]},{\"@type\":\"WebSite\",\"@id\":\"https:\/\/minilernkreis.de\/sachsenanhalt-mitte\/#website\",\"url\":\"https:\/\/minilernkreis.de\/sachsenanhalt-mitte\/\",\"name\":\"Mini-Lernkreis Sachsen-Anhalt-Mitte\",\"description\":\"Nachhilfe in Sachsen-Anhalt\",\"publisher\":{\"@id\":\"https:\/\/minilernkreis.de\/sachsenanhalt-mitte\/#organization\"},\"potentialAction\":[{\"@type\":\"SearchAction\",\"target\":{\"@type\":\"EntryPoint\",\"urlTemplate\":\"https:\/\/minilernkreis.de\/sachsenanhalt-mitte\/?s={search_term_string}\"},\"query-input\":{\"@type\":\"PropertyValueSpecification\",\"valueRequired\":true,\"valueName\":\"search_term_string\"}}],\"inLanguage\":\"de\"},{\"@type\":\"Organization\",\"@id\":\"https:\/\/minilernkreis.de\/sachsenanhalt-mitte\/#organization\",\"name\":\"Mini-Lernkreis Preuschoft\",\"url\":\"https:\/\/minilernkreis.de\/sachsenanhalt-mitte\/\",\"logo\":{\"@type\":\"ImageObject\",\"inLanguage\":\"de\",\"@id\":\"https:\/\/minilernkreis.de\/sachsenanhalt-mitte\/#\/schema\/logo\/image\/\",\"url\":\"https:\/\/minilernkreis.de\/sachsenanhalt-mitte\/wp-content\/uploads\/sites\/10\/logo_minilernkreis.svg\",\"contentUrl\":\"https:\/\/minilernkreis.de\/sachsenanhalt-mitte\/wp-content\/uploads\/sites\/10\/logo_minilernkreis.svg\",\"width\":\"1024\",\"height\":\"1024\",\"caption\":\"Mini-Lernkreis Preuschoft\"},\"image\":{\"@id\":\"https:\/\/minilernkreis.de\/sachsenanhalt-mitte\/#\/schema\/logo\/image\/\"}}]}<\/script>\n<!-- \/ Yoast SEO plugin. -->","yoast_head_json":{"title":"Jobs - Mini-Lernkreis Preuschoft (Sachsen-Anhalt-Mitte)","robots":{"index":"index","follow":"follow","max-snippet":"max-snippet:-1","max-image-preview":"max-image-preview:large","max-video-preview":"max-video-preview:-1"},"canonical":"https:\/\/minilernkreis.de\/sachsenanhalt-mitte\/jobs\/","og_locale":"de_DE","og_type":"article","og_title":"Jobs - Mini-Lernkreis Preuschoft (Sachsen-Anhalt-Mitte)","og_description":"Werden Sie Teil unseres Teams Gestalten Sie die Zukunft der Bildung mit uns und unterst\u00fctzen Sie Sch\u00fcler auf ihrem Weg zum Erfolg.","og_url":"https:\/\/minilernkreis.de\/sachsenanhalt-mitte\/jobs\/","og_site_name":"Mini-Lernkreis Preuschoft (Sachsen-Anhalt-Mitte)","article_modified_time":"2026-02-28T08:10:54+00:00","og_image":[{"url":"https:\/\/minilernkreis.de\/gr-nol\/wp-content\/uploads\/sites\/3\/Lehrerbild.jpg","type":"","width":"","height":""}],"twitter_card":"summary_large_image","twitter_misc":{"Gesch\u00e4tzte Lesezeit":"1\u00a0Minute"},"schema":{"@context":"https:\/\/schema.org","@graph":[{"@type":"WebPage","@id":"https:\/\/minilernkreis.de\/sachsenanhalt-mitte\/jobs\/","url":"https:\/\/minilernkreis.de\/sachsenanhalt-mitte\/jobs\/","name":"Jobs - Mini-Lernkreis Preuschoft (Sachsen-Anhalt-Mitte)","isPartOf":{"@id":"https:\/\/minilernkreis.de\/sachsenanhalt-mitte\/#website"},"datePublished":"2026-02-28T08:10:30+00:00","dateModified":"2026-02-28T08:10:54+00:00","breadcrumb":{"@id":"https:\/\/minilernkreis.de\/sachsenanhalt-mitte\/jobs\/#breadcrumb"},"inLanguage":"de","potentialAction":[{"@type":"ReadAction","target":["https:\/\/minilernkreis.de\/sachsenanhalt-mitte\/jobs\/"]}]},{"@type":"BreadcrumbList","@id":"https:\/\/minilernkreis.de\/sachsenanhalt-mitte\/jobs\/#breadcrumb","itemListElement":[{"@type":"ListItem","position":1,"name":"Start","item":"https:\/\/minilernkreis.de\/sachsenanhalt-mitte\/"},{"@type":"ListItem","position":2,"name":"Jobs"}]},{"@type":"WebSite","@id":"https:\/\/minilernkreis.de\/sachsenanhalt-mitte\/#website","url":"https:\/\/minilernkreis.de\/sachsenanhalt-mitte\/","name":"Mini-Lernkreis Sachsen-Anhalt-Mitte","description":"Nachhilfe in Sachsen-Anhalt","publisher":{"@id":"https:\/\/minilernkreis.de\/sachsenanhalt-mitte\/#organization"},"potentialAction":[{"@type":"SearchAction","target":{"@type":"EntryPoint","urlTemplate":"https:\/\/minilernkreis.de\/sachsenanhalt-mitte\/?s={search_term_string}"},"query-input":{"@type":"PropertyValueSpecification","valueRequired":true,"valueName":"search_term_string"}}],"inLanguage":"de"},{"@type":"Organization","@id":"https:\/\/minilernkreis.de\/sachsenanhalt-mitte\/#organization","name":"Mini-Lernkreis Preuschoft","url":"https:\/\/minilernkreis.de\/sachsenanhalt-mitte\/","logo":{"@type":"ImageObject","inLanguage":"de","@id":"https:\/\/minilernkreis.de\/sachsenanhalt-mitte\/#\/schema\/logo\/image\/","url":"https:\/\/minilernkreis.de\/sachsenanhalt-mitte\/wp-content\/uploads\/sites\/10\/logo_minilernkreis.svg","contentUrl":"https:\/\/minilernkreis.de\/sachsenanhalt-mitte\/wp-content\/uploads\/sites\/10\/logo_minilernkreis.svg","width":"1024","height":"1024","caption":"Mini-Lernkreis Preuschoft"},"image":{"@id":"https:\/\/minilernkreis.de\/sachsenanhalt-mitte\/#\/schema\/logo\/image\/"}}]}},"_links":{"self":[{"href":"https:\/\/minilernkreis.de\/sachsenanhalt-mitte\/wp-json\/wp\/v2\/pages\/195","targetHints":{"allow":["GET"]}}],"collection":[{"href":"https:\/\/minilernkreis.de\/sachsenanhalt-mitte\/wp-json\/wp\/v2\/pages"}],"about":[{"href":"https:\/\/minilernkreis.de\/sachsenanhalt-mitte\/wp-json\/wp\/v2\/types\/page"}],"author":[{"embeddable":true,"href":"https:\/\/minilernkreis.de\/sachsenanhalt-mitte\/wp-json\/wp\/v2\/users\/5"}],"replies":[{"embeddable":true,"href":"https:\/\/minilernkreis.de\/sachsenanhalt-mitte\/wp-json\/wp\/v2\/comments?post=195"}],"version-history":[{"count":1,"href":"https:\/\/minilernkreis.de\/sachsenanhalt-mitte\/wp-json\/wp\/v2\/pages\/195\/revisions"}],"predecessor-version":[{"id":196,"href":"https:\/\/minilernkreis.de\/sachsenanhalt-mitte\/wp-json\/wp\/v2\/pages\/195\/revisions\/196"}],"wp:attachment":[{"href":"https:\/\/minilernkreis.de\/sachsenanhalt-mitte\/wp-json\/wp\/v2\/media?parent=195"}],"curies":[{"name":"wp","href":"https:\/\/api.w.org\/{rel}","templated":true}]}}