{"id":5,"date":"2026-02-22T10:34:36","date_gmt":"2026-02-22T09:34:36","guid":{"rendered":"https:\/\/dev.minilernkreis.de\/oberschwaben\/news\/"},"modified":"2026-03-17T12:32:40","modified_gmt":"2026-03-17T11:32:40","slug":"news","status":"publish","type":"page","link":"https:\/\/minilernkreis.de\/oberschwaben\/news\/","title":{"rendered":"News"},"content":{"rendered":"\n<div style=\"background-image:url(&apos;https:\/\/minilernkreis.de\/gr-nol\/wp-content\/uploads\/sites\/3\/Hintergrund_titelbild_basierend_auf_gemini_generated_lmage_k2nsdzk2nsdzk2ns-Kopie.webp&apos;);background-size:cover;\" class=\"wp-block-group is-layout-constrained wp-block-group-is-layout-constrained has-background\">\n<div class=\"wp-block-group mt-5 mb-3 mx-3 is-layout-constrained wp-container-core-group-is-layout-4383d167 wp-block-group-is-layout-constrained\">\n<div style=\"height:50px\" aria-hidden=\"true\" class=\"wp-block-spacer\"><\/div>\n\n\n\n<div class=\"wp-block-group is-layout-grid wp-container-core-group-is-layout-32ce39f2 wp-block-group-is-layout-grid\">\n<div class=\"wp-block-group wp-container-content-e6bb3dd6 is-layout-constrained wp-container-core-group-is-layout-2815e813 wp-block-group-is-layout-constrained\" style=\"padding-bottom:var(--wp--preset--spacing--80)\">\n<h1 class=\"wp-block-heading has-base-color has-text-color has-kirvy-font-family\" style=\"font-size:clamp(1.743rem, 1.743rem + ((1vw - 0.2rem) * 1.571), 3rem);font-style:normal;font-weight:700\">Nachhilfe News Biberach \u2013 Aktuelles &amp; Tipps<\/h1>\n\n\n\n<h2 class=\"wp-block-heading has-secondary-color has-text-color\" style=\"font-size:clamp(1.403rem, 1.403rem + ((1vw - 0.2rem) * 1.121), 2.3rem);font-style:normal;font-weight:600\">Mini-Lernkreis Mathias Chlebnitschek<\/h2>\n\n\n\n<div style=\"height:100px\" aria-hidden=\"true\" class=\"wp-block-spacer\"><\/div>\n\n\n\n<p class=\"has-base-color has-text-color\" style=\"font-size:clamp(0.984rem, 0.984rem + ((1vw - 0.2rem) * 0.645), 1.5rem);font-style:normal;font-weight:500\"><strong>Willkommen bei unseren Nachhilfe News f\u00fcr Biberach und Oberschwaben!<\/strong><br>Hier finden Sie aktuelle Infos, Neuigkeiten und wertvolle Tipps rund um Lernen, Pr\u00fcfungen, Lerntechniken und den Minilernkreis Oberschwaben.<\/p>\n\n\n\n<div style=\"height:100px\" aria-hidden=\"true\" class=\"wp-block-spacer\"><\/div>\n<\/div>\n<\/div>\n<\/div>\n<\/div>\n\n\n\n<div class=\"wp-block-group mb-1 is-layout-constrained wp-block-group-is-layout-constrained\">\n<div class=\"wp-block-group is-layout-constrained wp-container-core-group-is-layout-f6f8c0cc wp-block-group-is-layout-constrained\">\n<div class=\"wp-block-group is-nowrap is-layout-flex wp-container-core-group-is-layout-f1189ed3 wp-block-group-is-layout-flex\">\n<p style=\"font-size:0.8em;font-style:normal;font-weight:600\">Sie sind hier: <\/p>\n\n\n<div class=\"yoast-breadcrumbs\"><span><span><a href=\"https:\/\/minilernkreis.de\/oberschwaben\/\">Start<\/a><\/span> \u00bb <span class=\"breadcrumb_last\" aria-current=\"page\">News<\/span><\/span><\/div><\/div>\n<\/div>\n<\/div>\n\n\n\n<div class=\"wp-block-group mx-3 is-layout-constrained wp-block-group-is-layout-constrained\">\n<div class=\"wp-block-group pt-1 pb-5 mx-3 is-layout-constrained wp-container-core-group-is-layout-4383d167 wp-block-group-is-layout-constrained\">\n<div class=\"wp-block-group is-layout-constrained wp-block-group-is-layout-constrained\">\n<h3 class=\"wp-block-heading has-primary-color has-text-color\" style=\"font-style:normal;font-weight:600\">Endlich ist es so weit: Frischer Blick auf Lernen \u2013 Entdecken Sie unsere neue Webseite!<\/h3>\n\n\n\n<p class=\"mb-1\" style=\"font-size:0.8em\">14.03.2026<\/p>\n\n\n\n<p><\/p>\n\n\n\n<p class=\"mb-3\">Wir haben <strong>unsere Webseite komplett neu gestaltet<\/strong> \u2013 frischer, \u00fcbersichtlicher und moderner. Warum? Weil <strong>moderne Nachhilfe und individuelle Lernf\u00f6rderung<\/strong> auch ein digitales Zuhause verdienen, das zeitgem\u00e4\u00df und leicht zu nutzen ist.<\/p>\n\n\n\n<h4 class=\"wp-block-heading has-primary-color has-text-color\" style=\"font-style:normal;font-weight:500\">Alles neu: Technik, Design &amp; Inhalte<\/h4>\n\n\n\n<p class=\"mb-3\">Unsere Seite ist jetzt <strong>schneller, mobil optimiert und intuitiv bedienbar<\/strong>. Egal, ob am PC oder unterwegs auf dem Smartphone \u2013 alle Informationen zu unseren Kursen finden Sie <strong>mit nur wenigen Klicks<\/strong>.<\/p>\n\n\n\n<h4 class=\"wp-block-heading has-primary-color has-text-color\" style=\"font-style:normal;font-weight:500\">Mehr als nur Nachhilfe<\/h4>\n\n\n\n<p class=\"mb-3\">Neben unserer klassischen Nachhilfe erfahren Sie jetzt <strong>mehr \u00fcber uns, unser Team und unsere p\u00e4dagogische Philosophie<\/strong>. Wir m\u00f6chten, dass Sie genau wissen, <strong>wer hinter dem Minilernkreis Oberschwaben steht<\/strong> und wie wir arbeiten. Transparenz ist uns wichtig \u2013 daher finden Sie <strong>detaillierte Einblicke in unsere Arbeitsweise und unsere Lernkonzepte<\/strong>.<\/p>\n\n\n\n<h4 class=\"wp-block-heading has-primary-color has-text-color\" style=\"font-style:normal;font-weight:500\">Neu:\n\t\t\t\tUnser Blog f\u00fcr wertvolle Lerntipps <\/h4>\n\n\n\n<p>In unserem neuen <strong>News- und Blog-Bereich<\/strong> informieren wir Sie regelm\u00e4\u00dfig \u00fcber:<\/p>\n\n\n\n<ul class=\"wp-block-list\">\n<li>Praktische Tipps f\u00fcr den Schulalltag<\/li>\n\n\n\n<li>Strategien gegen Pr\u00fcfungsangst<\/li>\n\n\n\n<li>Aktuelle Informationen zum Thema Bildung<\/li>\n\n\n\n<li>Neuigkeiten rund um den Minilernkreis Oberschwaben<\/li>\n<\/ul>\n<\/div>\n\n\n\n<div class=\"wp-block-group is-layout-constrained wp-block-group-is-layout-constrained\">\n<p><\/p>\n<\/div>\n\n\n\n<p class=\"mb-4\"><\/p>\n\n\n\n<p><\/p>\n\n\n\n<p><\/p>\n\n\n\n<div class=\"wp-block-group is-layout-constrained wp-block-group-is-layout-constrained\">\n<h4 class=\"wp-block-heading has-primary-color has-text-color\" style=\"font-style:normal;font-weight:500\">Der Minilernkreis Oberschwaben ist f\u00fcr Sie da<\/h4>\n\n\n\n<p class=\"mb-2\">Sie haben Fragen oder m\u00f6chten direkt mit dem Unterricht starten? Dank der <strong>optimierten Kontaktm\u00f6glichkeiten<\/strong> erreichen Sie uns jetzt <strong>noch schneller<\/strong> \u2013 \u00fcber das Kontaktformular oder telefonisch.<\/p>\n\n\n\n<p class=\"mb-4\">Wir laden Sie herzlich ein, sich auf unserer neuen Webseite umzuschauen. <strong>Ihr Feedback freut uns sehr!<\/strong><\/p>\n\n\n\n<p>Ihr Team vom Mini-Lernkreis<\/p>\n<\/div>\n<\/div>\n<\/div>\n\n\n\n<p><\/p>\n","protected":false},"excerpt":{"rendered":"<p>Nachhilfe News Biberach \u2013 Aktuelles &amp; Tipps Mini-Lernkreis Mathias Chlebnitschek Willkommen bei unseren Nachhilfe News f\u00fcr Biberach und Oberschwaben!Hier finden Sie aktuelle Infos, Neuigkeiten und wertvolle Tipps rund um Lernen, Pr\u00fcfungen, Lerntechniken und den Minilernkreis Oberschwaben. Sie sind hier: Endlich ist es so weit: Frischer Blick auf Lernen \u2013 Entdecken Sie unsere neue Webseite! 14.03.2026 [&hellip;]<\/p>\n","protected":false},"author":5,"featured_media":0,"parent":0,"menu_order":0,"comment_status":"closed","ping_status":"closed","template":"page-partner","meta":{"inline_featured_image":false,"mlk_zustaendigkeit":"","mlk_adresse":"","mlk_email":"","mlk_telefon":"","footnotes":""},"class_list":["post-5","page","type-page","status-publish","hentry"],"yoast_head":"<!-- This site is optimized with the Yoast SEO plugin v27.2 - https:\/\/yoast.com\/product\/yoast-seo-wordpress\/ -->\n<title>Nachhilfe News Biberach \u2013 Tipps, Neuigkeiten &amp; Lernf\u00f6rderung<\/title>\n<meta name=\"description\" content=\"Nachhilfe News Biberach \u2013 Alle Neuigkeiten, Lernhilfen und Tipps vom Minilernkreis Oberschwaben. Bleiben Sie informiert \u00fcber Kurse, LRS &amp; Rechenschw\u00e4che.\" \/>\n<meta name=\"robots\" content=\"index, follow, max-snippet:-1, max-image-preview:large, max-video-preview:-1\" \/>\n<link rel=\"canonical\" href=\"https:\/\/minilernkreis.de\/oberschwaben\/news\/\" \/>\n<meta property=\"og:locale\" content=\"de_DE\" \/>\n<meta property=\"og:type\" content=\"article\" \/>\n<meta property=\"og:title\" content=\"Nachhilfe News Biberach \u2013 Tipps, Neuigkeiten &amp; Lernf\u00f6rderung\" \/>\n<meta property=\"og:description\" content=\"Nachhilfe News Biberach \u2013 Alle Neuigkeiten, Lernhilfen und Tipps vom Minilernkreis Oberschwaben. Bleiben Sie informiert \u00fcber Kurse, LRS &amp; Rechenschw\u00e4che.\" \/>\n<meta property=\"og:url\" content=\"https:\/\/minilernkreis.de\/oberschwaben\/news\/\" \/>\n<meta property=\"og:site_name\" content=\"Mini-Lernkreis Chlebnitschek\" \/>\n<meta property=\"article:modified_time\" content=\"2026-03-17T11:32:40+00:00\" \/>\n<meta name=\"twitter:card\" content=\"summary_large_image\" \/>\n<meta name=\"twitter:label1\" content=\"Gesch\u00e4tzte Lesezeit\" \/>\n\t<meta name=\"twitter:data1\" content=\"2\u00a0Minuten\" \/>\n<script type=\"application\/ld+json\" class=\"yoast-schema-graph\">{\"@context\":\"https:\/\/schema.org\",\"@graph\":[{\"@type\":\"WebPage\",\"@id\":\"https:\/\/minilernkreis.de\/oberschwaben\/news\/\",\"url\":\"https:\/\/minilernkreis.de\/oberschwaben\/news\/\",\"name\":\"Nachhilfe News Biberach \u2013 Tipps, Neuigkeiten & Lernf\u00f6rderung\",\"isPartOf\":{\"@id\":\"https:\/\/minilernkreis.de\/oberschwaben\/#website\"},\"datePublished\":\"2026-02-22T09:34:36+00:00\",\"dateModified\":\"2026-03-17T11:32:40+00:00\",\"description\":\"Nachhilfe News Biberach \u2013 Alle Neuigkeiten, Lernhilfen und Tipps vom Minilernkreis Oberschwaben. Bleiben Sie informiert \u00fcber Kurse, LRS & Rechenschw\u00e4che.\",\"breadcrumb\":{\"@id\":\"https:\/\/minilernkreis.de\/oberschwaben\/news\/#breadcrumb\"},\"inLanguage\":\"de\",\"potentialAction\":[{\"@type\":\"ReadAction\",\"target\":[\"https:\/\/minilernkreis.de\/oberschwaben\/news\/\"]}]},{\"@type\":\"BreadcrumbList\",\"@id\":\"https:\/\/minilernkreis.de\/oberschwaben\/news\/#breadcrumb\",\"itemListElement\":[{\"@type\":\"ListItem\",\"position\":1,\"name\":\"Start\",\"item\":\"https:\/\/minilernkreis.de\/oberschwaben\/\"},{\"@type\":\"ListItem\",\"position\":2,\"name\":\"News\"}]},{\"@type\":\"WebSite\",\"@id\":\"https:\/\/minilernkreis.de\/oberschwaben\/#website\",\"url\":\"https:\/\/minilernkreis.de\/oberschwaben\/\",\"name\":\"Mini-Lernkreis Oberschwaben\",\"description\":\"Nachhilfe in N\u00fcrnberg\",\"publisher\":{\"@id\":\"https:\/\/minilernkreis.de\/oberschwaben\/#organization\"},\"potentialAction\":[{\"@type\":\"SearchAction\",\"target\":{\"@type\":\"EntryPoint\",\"urlTemplate\":\"https:\/\/minilernkreis.de\/oberschwaben\/?s={search_term_string}\"},\"query-input\":{\"@type\":\"PropertyValueSpecification\",\"valueRequired\":true,\"valueName\":\"search_term_string\"}}],\"inLanguage\":\"de\"},{\"@type\":\"Organization\",\"@id\":\"https:\/\/minilernkreis.de\/oberschwaben\/#organization\",\"name\":\"Mini-Lernkreis Chlebnitschek\",\"url\":\"https:\/\/minilernkreis.de\/oberschwaben\/\",\"logo\":{\"@type\":\"ImageObject\",\"inLanguage\":\"de\",\"@id\":\"https:\/\/minilernkreis.de\/oberschwaben\/#\/schema\/logo\/image\/\",\"url\":\"https:\/\/minilernkreis.de\/oberschwaben\/wp-content\/uploads\/sites\/35\/logo_minilernkreis.svg\",\"contentUrl\":\"https:\/\/minilernkreis.de\/oberschwaben\/wp-content\/uploads\/sites\/35\/logo_minilernkreis.svg\",\"width\":\"1024\",\"height\":\"1024\",\"caption\":\"Mini-Lernkreis Chlebnitschek\"},\"image\":{\"@id\":\"https:\/\/minilernkreis.de\/oberschwaben\/#\/schema\/logo\/image\/\"}}]}<\/script>\n<!-- \/ Yoast SEO plugin. -->","yoast_head_json":{"title":"Nachhilfe News Biberach \u2013 Tipps, Neuigkeiten & Lernf\u00f6rderung","description":"Nachhilfe News Biberach \u2013 Alle Neuigkeiten, Lernhilfen und Tipps vom Minilernkreis Oberschwaben. Bleiben Sie informiert \u00fcber Kurse, LRS & Rechenschw\u00e4che.","robots":{"index":"index","follow":"follow","max-snippet":"max-snippet:-1","max-image-preview":"max-image-preview:large","max-video-preview":"max-video-preview:-1"},"canonical":"https:\/\/minilernkreis.de\/oberschwaben\/news\/","og_locale":"de_DE","og_type":"article","og_title":"Nachhilfe News Biberach \u2013 Tipps, Neuigkeiten & Lernf\u00f6rderung","og_description":"Nachhilfe News Biberach \u2013 Alle Neuigkeiten, Lernhilfen und Tipps vom Minilernkreis Oberschwaben. Bleiben Sie informiert \u00fcber Kurse, LRS & Rechenschw\u00e4che.","og_url":"https:\/\/minilernkreis.de\/oberschwaben\/news\/","og_site_name":"Mini-Lernkreis Chlebnitschek","article_modified_time":"2026-03-17T11:32:40+00:00","twitter_card":"summary_large_image","twitter_misc":{"Gesch\u00e4tzte Lesezeit":"2\u00a0Minuten"},"schema":{"@context":"https:\/\/schema.org","@graph":[{"@type":"WebPage","@id":"https:\/\/minilernkreis.de\/oberschwaben\/news\/","url":"https:\/\/minilernkreis.de\/oberschwaben\/news\/","name":"Nachhilfe News Biberach \u2013 Tipps, Neuigkeiten & Lernf\u00f6rderung","isPartOf":{"@id":"https:\/\/minilernkreis.de\/oberschwaben\/#website"},"datePublished":"2026-02-22T09:34:36+00:00","dateModified":"2026-03-17T11:32:40+00:00","description":"Nachhilfe News Biberach \u2013 Alle Neuigkeiten, Lernhilfen und Tipps vom Minilernkreis Oberschwaben. Bleiben Sie informiert \u00fcber Kurse, LRS & Rechenschw\u00e4che.","breadcrumb":{"@id":"https:\/\/minilernkreis.de\/oberschwaben\/news\/#breadcrumb"},"inLanguage":"de","potentialAction":[{"@type":"ReadAction","target":["https:\/\/minilernkreis.de\/oberschwaben\/news\/"]}]},{"@type":"BreadcrumbList","@id":"https:\/\/minilernkreis.de\/oberschwaben\/news\/#breadcrumb","itemListElement":[{"@type":"ListItem","position":1,"name":"Start","item":"https:\/\/minilernkreis.de\/oberschwaben\/"},{"@type":"ListItem","position":2,"name":"News"}]},{"@type":"WebSite","@id":"https:\/\/minilernkreis.de\/oberschwaben\/#website","url":"https:\/\/minilernkreis.de\/oberschwaben\/","name":"Mini-Lernkreis Oberschwaben","description":"Nachhilfe in N\u00fcrnberg","publisher":{"@id":"https:\/\/minilernkreis.de\/oberschwaben\/#organization"},"potentialAction":[{"@type":"SearchAction","target":{"@type":"EntryPoint","urlTemplate":"https:\/\/minilernkreis.de\/oberschwaben\/?s={search_term_string}"},"query-input":{"@type":"PropertyValueSpecification","valueRequired":true,"valueName":"search_term_string"}}],"inLanguage":"de"},{"@type":"Organization","@id":"https:\/\/minilernkreis.de\/oberschwaben\/#organization","name":"Mini-Lernkreis Chlebnitschek","url":"https:\/\/minilernkreis.de\/oberschwaben\/","logo":{"@type":"ImageObject","inLanguage":"de","@id":"https:\/\/minilernkreis.de\/oberschwaben\/#\/schema\/logo\/image\/","url":"https:\/\/minilernkreis.de\/oberschwaben\/wp-content\/uploads\/sites\/35\/logo_minilernkreis.svg","contentUrl":"https:\/\/minilernkreis.de\/oberschwaben\/wp-content\/uploads\/sites\/35\/logo_minilernkreis.svg","width":"1024","height":"1024","caption":"Mini-Lernkreis Chlebnitschek"},"image":{"@id":"https:\/\/minilernkreis.de\/oberschwaben\/#\/schema\/logo\/image\/"}}]}},"_links":{"self":[{"href":"https:\/\/minilernkreis.de\/oberschwaben\/wp-json\/wp\/v2\/pages\/5","targetHints":{"allow":["GET"]}}],"collection":[{"href":"https:\/\/minilernkreis.de\/oberschwaben\/wp-json\/wp\/v2\/pages"}],"about":[{"href":"https:\/\/minilernkreis.de\/oberschwaben\/wp-json\/wp\/v2\/types\/page"}],"author":[{"embeddable":true,"href":"https:\/\/minilernkreis.de\/oberschwaben\/wp-json\/wp\/v2\/users\/5"}],"replies":[{"embeddable":true,"href":"https:\/\/minilernkreis.de\/oberschwaben\/wp-json\/wp\/v2\/comments?post=5"}],"version-history":[{"count":8,"href":"https:\/\/minilernkreis.de\/oberschwaben\/wp-json\/wp\/v2\/pages\/5\/revisions"}],"predecessor-version":[{"id":237,"href":"https:\/\/minilernkreis.de\/oberschwaben\/wp-json\/wp\/v2\/pages\/5\/revisions\/237"}],"wp:attachment":[{"href":"https:\/\/minilernkreis.de\/oberschwaben\/wp-json\/wp\/v2\/media?parent=5"}],"curies":[{"name":"wp","href":"https:\/\/api.w.org\/{rel}","templated":true}]}}