{"id":4,"date":"2026-02-22T10:34:36","date_gmt":"2026-02-22T09:34:36","guid":{"rendered":"https:\/\/dev.minilernkreis.de\/oberschwaben\/ueber-uns\/"},"modified":"2026-03-17T12:37:45","modified_gmt":"2026-03-17T11:37:45","slug":"ueber-uns","status":"publish","type":"page","link":"https:\/\/minilernkreis.de\/oberschwaben\/ueber-uns\/","title":{"rendered":"\u00dcber uns"},"content":{"rendered":"\n<div class=\"wp-block-group has-base-background-color has-background is-layout-flow wp-block-group-is-layout-flow\" style=\"padding-top:0;padding-bottom:0\">\n<div class=\"wp-block-group px-4 py-5 has-light-background-color has-background is-layout-constrained wp-container-core-group-is-layout-18f2974a wp-block-group-is-layout-constrained\" style=\"margin-top:0;margin-bottom:0;padding-top:var(--wp--preset--spacing--80);padding-bottom:var(--wp--preset--spacing--80)\">\n<h1 class=\"wp-block-heading has-primary-color has-text-color has-raleway-font-family\"><strong>\u00dcber uns Nachhilfe Biberach Oberschwaben \u2013 Unser Team &amp; Werte<\/strong><\/h1>\n\n\n\n<div style=\"height:20px\" aria-hidden=\"true\" class=\"wp-block-spacer\"><\/div>\n\n\n\n<div class=\"wp-block-columns is-layout-flex wp-container-core-columns-is-layout-cf05694f wp-block-columns-is-layout-flex\">\n<div class=\"wp-block-column is-layout-flow wp-block-column-is-layout-flow\">\n<p><strong>\u00dcber uns Nachhilfe Biberach Oberschwaben<\/strong><\/p>\n\n\n\n<p>Willkommen beim Minilernkreis Oberschwaben! <\/p>\n\n\n\n<p>Wir sind ein engagiertes Team erfahrener Lehrkr\u00e4fte, das seit Jahren Sch\u00fcler aus Biberach und der Region individuell f\u00f6rdert.<br>Unser Ziel ist es, Lernfreude zu wecken, Kompetenzen zu st\u00e4rken und jedem Kind zu seinem Lernerfolg zu verhelfen. Unsere Lehrmethoden sind praxisnah, pers\u00f6nlich und auf die Bed\u00fcrfnisse jedes Sch\u00fclers abgestimmt.<\/p>\n<\/div>\n\n\n\n<div class=\"wp-block-column is-layout-flow wp-block-column-is-layout-flow\">\n<figure class=\"wp-block-image aligncenter size-medium has-custom-border\"><img loading=\"lazy\" decoding=\"async\" width=\"247\" height=\"300\" src=\"https:\/\/minilernkreis.de\/oberschwaben\/wp-content\/uploads\/sites\/35\/5ba64d3d-f0d1-4ff1-9604-a35b50f56c7f-247x300.jpg\" alt=\"Sch\u00fclerhilfe Minilernkreis Lerntreff vorderansicht\" class=\"wp-image-183\" style=\"border-top-left-radius:20px;border-top-right-radius:20px;border-bottom-left-radius:20px;border-bottom-right-radius:20px\" title=\"Portrait Mini-Lernkreis-Leitung Mathias Chlebnitschek - Mathias Chlebnitschek\" srcset=\"https:\/\/minilernkreis.de\/oberschwaben\/wp-content\/uploads\/sites\/35\/5ba64d3d-f0d1-4ff1-9604-a35b50f56c7f-247x300.jpg 247w, https:\/\/minilernkreis.de\/oberschwaben\/wp-content\/uploads\/sites\/35\/5ba64d3d-f0d1-4ff1-9604-a35b50f56c7f-842x1024.jpg 842w, https:\/\/minilernkreis.de\/oberschwaben\/wp-content\/uploads\/sites\/35\/5ba64d3d-f0d1-4ff1-9604-a35b50f56c7f-768x934.jpg 768w, https:\/\/minilernkreis.de\/oberschwaben\/wp-content\/uploads\/sites\/35\/5ba64d3d-f0d1-4ff1-9604-a35b50f56c7f.jpg 879w\" sizes=\"auto, (max-width: 247px) 100vw, 247px\" \/><figcaption class=\"wp-element-caption\">Mini-Lernkreis-Leitung<br>Mathias Chlebnitschek<\/figcaption><\/figure>\n<\/div>\n<\/div>\n<\/div>\n<\/div>\n\n\n\n<div class=\"wp-block-group is-layout-constrained wp-block-group-is-layout-constrained\">\n<div class=\"wp-block-group is-layout-constrained wp-container-core-group-is-layout-4383d167 wp-block-group-is-layout-constrained\">\n<div class=\"wp-block-group is-nowrap is-layout-flex wp-container-core-group-is-layout-f1189ed3 wp-block-group-is-layout-flex\">\n<p class=\"has-text-color has-link-color wp-elements-5e18f99aa18e2c3d1c687f134e68d70e\" style=\"font-size:0.8em;font-style:normal;font-weight:600\">Sie sind\n\t\t\t\thier: <\/p>\n\n\n<div class=\"yoast-breadcrumbs\"><span><span><a href=\"https:\/\/minilernkreis.de\/oberschwaben\/\">Start<\/a><\/span> \u00bb <span class=\"breadcrumb_last\" aria-current=\"page\">\u00dcber uns<\/span><\/span><\/div><\/div>\n<\/div>\n<\/div>\n\n\n\n<div class=\"wp-block-group mt-5 is-layout-constrained wp-block-group-is-layout-constrained\">\n<div class=\"wp-block-group is-layout-constrained wp-container-core-group-is-layout-4383d167 wp-block-group-is-layout-constrained\">\n<h2 class=\"wp-block-heading has-text-align-center has-primary-color has-text-color\"><strong>Unser Konzept:\n\t\t\t<\/strong><br><strong>Lernen in pers\u00f6nlicher Atmosph\u00e4re<\/strong><\/h2>\n\n\n\n<p class=\"has-text-align-center\">Beim <strong>Minilernkreis Oberschwaben<\/strong> verbinden wir <strong>Nachhilfe, Coaching und pers\u00f6nliche F\u00f6rderung<\/strong> zu einem ganzheitlichen Ansatz. <\/p>\n\n\n\n<p class=\"has-text-align-center\">Unser Team besteht aus <strong>Kinder- und Jugendcoaches, ausgebildeten Nachhilfelehrern und Tutoren<\/strong>, die alle \u00fcber ein <strong>eintragungsfreies erweitertes F\u00fchrungszeugnis<\/strong> verf\u00fcgen. <\/p>\n\n\n\n<p class=\"has-text-align-center\">So k\u00f6nnen Eltern und Schulen auf <strong>Sicherheit, Vertrauen und Professionalit\u00e4t<\/strong> bauen. <\/p>\n\n\n\n<p class=\"has-text-align-center\">Unsere <strong>Lernr\u00e4ume sind motivierend, ruhig und voll ausgestattet<\/strong> mit allem Lernmaterial, das Kinder f\u00fcr eine erfolgreiche F\u00f6rderung brauchen. <\/p>\n\n\n\n<p class=\"has-text-align-center\">Auf diese Weise schaffen wir eine Umgebung, in der Kinder <strong>mit Freude lernen, Selbstvertrauen gewinnen und ihre Ziele erreichen<\/strong>.<\/p>\n<\/div>\n<\/div>\n\n\n\n<div class=\"wp-block-group is-layout-constrained wp-block-group-is-layout-constrained\">\n<div class=\"wp-block-group is-layout-constrained wp-container-core-group-is-layout-a22d48ea wp-block-group-is-layout-constrained\" style=\"margin-top:var(--wp--preset--spacing--80);margin-bottom:var(--wp--preset--spacing--80)\">\n<h2 class=\"wp-block-heading has-text-align-center has-primary-color has-text-color\"><strong>Unser Angebot:\n\t\t\t<\/strong><br><strong>Vielf\u00e4ltige F\u00e4cher &amp; F\u00f6rderungen<\/strong><\/h2>\n\n\n\n<div style=\"height:10px\" aria-hidden=\"true\" class=\"wp-block-spacer\"><\/div>\n\n\n\n<p class=\"has-text-align-center\" style=\"margin-bottom:var(--wp--preset--spacing--20)\">Wir bieten\n\t\t\t<strong>individuelle Lehrg\u00e4nge<\/strong> in folgenden Bereichen:<\/p>\n\n\n\n<div style=\"height:10px\" aria-hidden=\"true\" class=\"wp-block-spacer\"><\/div>\n\n\n\n<p class=\"has-text-align-center\" style=\"margin-bottom:0\"><strong>Rechtschreibtraining bei LRS-Diagnostik<\/strong><br>Mit gezielten \u00dcbungen und individuellen F\u00f6rderpl\u00e4nen unterst\u00fctzen wir Kinder dabei, <strong>Lesesicherheit und Rechtschreibung Schritt f\u00fcr Schritt zu verbessern<\/strong>.<\/p>\n\n\n\n<p class=\"has-text-align-center\" style=\"margin-bottom:0\"> .<\/p>\n\n\n\n<p class=\"has-text-align-center\" style=\"margin-bottom:0\"><\/p>\n\n\n\n<p class=\"has-text-align-center\"><strong>Rechentraining bei Rechenschw\u00e4che<\/strong><br>Durch pers\u00f6nliche F\u00f6rderung und spezielle Lernstrategien helfen wir Kindern, <strong>Mathematik\u00e4ngste abzubauen und sichere Rechenfertigkeiten zu entwickeln<\/strong>.<\/p>\n\n\n\n<p class=\"has-text-align-center\"> .<\/p>\n\n\n\n<p><\/p>\n\n\n\n<p class=\"has-text-align-center\"><strong>Individuelle Nachhilfe in allen F\u00e4chern<\/strong><br>Ob Grundschule, Realschule, Gymnasium oder Berufsschule \u2013 unsere qualifizierten Lehrkr\u00e4fte begleiten Sch\u00fcler*innen <strong>einzeln oder in kleinen Gruppen<\/strong>, abgestimmt auf ihren Lernstand. <\/p>\n\n\n\n<p class=\"has-text-align-center\"> .<\/p>\n\n\n\n<p><\/p>\n\n\n\n<p class=\"has-text-align-center\"><strong>Themenspezifische Kurse<\/strong><br>Erg\u00e4nzend bieten wir Kurse zu besonderen Themen an, z.\u202fB. <strong>Fit in die 5. Klasse, Bewerbungstraining oder Pr\u00fcfungsvorbereitung<\/strong>.<\/p>\n<\/div>\n<\/div>\n\n\n\n<div class=\"wp-block-group is-layout-constrained wp-block-group-is-layout-constrained\">\n<div class=\"wp-block-group has-light-background-color has-background is-layout-constrained wp-container-core-group-is-layout-ad319cd6 wp-block-group-is-layout-constrained\" style=\"padding-top:var(--wp--preset--spacing--80);padding-bottom:var(--wp--preset--spacing--80)\">\n<h2 class=\"wp-block-heading has-primary-color has-text-color\"><strong>Individuelle F\u00f6rderung f\u00fcr jeden\n\t\t\t\tSch\u00fcler<\/strong><\/h2>\n\n\n\n<p style=\"margin-bottom:var(--wp--preset--spacing--20)\">Der <strong>Minilernkreis Oberschwaben<\/strong> unterst\u00fctzt <strong>Sch\u00fcler*innen, Eltern und Schulen<\/strong> auf dem Weg zu nachhaltigem Lernerfolg. Bei uns steht <strong>individuelle F\u00f6rderung, praxisnahes Lernen und Freude am Erfolg<\/strong> im Mittelpunkt.<\/p>\n\n\n\n<div style=\"height:25px\" aria-hidden=\"true\" class=\"wp-block-spacer\"><\/div>\n\n\n\n<h2 class=\"wp-block-heading has-primary-color has-text-color\"><strong>Mini-Lernkreis in Ihrer N\u00e4he<\/strong><\/h2>\n\n\n\n<p style=\"margin-bottom:var(--wp--preset--spacing--20)\">Sie suchen <strong>Nachhilfe in der Region Oberschwaben<\/strong>? Bei uns finden Sie <strong>Einzelnachhilfe in Ihrer Region<\/strong> \u2013 f\u00fcr eine <strong>pers\u00f6nliche und effektive F\u00f6rderung<\/strong>.<\/p>\n\n\n\n<p><\/p>\n<\/div>\n<\/div>\n","protected":false},"excerpt":{"rendered":"<p>\u00dcber uns Nachhilfe Biberach Oberschwaben \u2013 Unser Team &amp; Werte \u00dcber uns Nachhilfe Biberach Oberschwaben Willkommen beim Minilernkreis Oberschwaben! Wir sind ein engagiertes Team erfahrener Lehrkr\u00e4fte, das seit Jahren Sch\u00fcler aus Biberach und der Region individuell f\u00f6rdert.Unser Ziel ist es, Lernfreude zu wecken, Kompetenzen zu st\u00e4rken und jedem Kind zu seinem Lernerfolg zu verhelfen. Unsere [&hellip;]<\/p>\n","protected":false},"author":5,"featured_media":0,"parent":0,"menu_order":0,"comment_status":"closed","ping_status":"closed","template":"page-partner","meta":{"inline_featured_image":false,"mlk_zustaendigkeit":"","mlk_adresse":"","mlk_email":"","mlk_telefon":"","footnotes":""},"class_list":["post-4","page","type-page","status-publish","hentry"],"yoast_head":"<!-- This site is optimized with the Yoast SEO plugin v27.5 - https:\/\/yoast.com\/product\/yoast-seo-wordpress\/ -->\n<title>\u00dcber uns Nachhilfe Biberach Oberschwaben \u2013 Minilernkreis Team<\/title>\n<meta name=\"description\" content=\"\u00dcber uns Nachhilfe Biberach Oberschwaben \u2013 Erfahren Sie mehr \u00fcber das Team des Minilernkreis Oberschwaben, unsere Werte, Erfahrung und individuelle F\u00f6rderung f\u00fcr Sch\u00fcler.\" \/>\n<meta name=\"robots\" content=\"index, follow, max-snippet:-1, max-image-preview:large, max-video-preview:-1\" \/>\n<link rel=\"canonical\" href=\"https:\/\/minilernkreis.de\/oberschwaben\/ueber-uns\/\" \/>\n<meta property=\"og:locale\" content=\"de_DE\" \/>\n<meta property=\"og:type\" content=\"article\" \/>\n<meta property=\"og:title\" content=\"\u00dcber uns Nachhilfe Biberach Oberschwaben \u2013 Minilernkreis Team\" \/>\n<meta property=\"og:description\" content=\"\u00dcber uns Nachhilfe Biberach Oberschwaben \u2013 Erfahren Sie mehr \u00fcber das Team des Minilernkreis Oberschwaben, unsere Werte, Erfahrung und individuelle F\u00f6rderung f\u00fcr Sch\u00fcler.\" \/>\n<meta property=\"og:url\" content=\"https:\/\/minilernkreis.de\/oberschwaben\/ueber-uns\/\" \/>\n<meta property=\"og:site_name\" content=\"Mini-Lernkreis Chlebnitschek\" \/>\n<meta property=\"article:modified_time\" content=\"2026-03-17T11:37:45+00:00\" \/>\n<meta property=\"og:image\" content=\"https:\/\/minilernkreis.de\/oberschwaben\/wp-content\/uploads\/sites\/35\/5ba64d3d-f0d1-4ff1-9604-a35b50f56c7f.jpg\" \/>\n\t<meta property=\"og:image:width\" content=\"879\" \/>\n\t<meta property=\"og:image:height\" content=\"1069\" \/>\n\t<meta property=\"og:image:type\" content=\"image\/jpeg\" \/>\n<meta name=\"twitter:card\" content=\"summary_large_image\" \/>\n<meta name=\"twitter:label1\" content=\"Gesch\u00e4tzte Lesezeit\" \/>\n\t<meta name=\"twitter:data1\" content=\"2\u00a0Minuten\" \/>\n<script type=\"application\/ld+json\" class=\"yoast-schema-graph\">{\"@context\":\"https:\\\/\\\/schema.org\",\"@graph\":[{\"@type\":\"WebPage\",\"@id\":\"https:\\\/\\\/minilernkreis.de\\\/oberschwaben\\\/ueber-uns\\\/\",\"url\":\"https:\\\/\\\/minilernkreis.de\\\/oberschwaben\\\/ueber-uns\\\/\",\"name\":\"\u00dcber uns Nachhilfe Biberach Oberschwaben \u2013 Minilernkreis Team\",\"isPartOf\":{\"@id\":\"https:\\\/\\\/minilernkreis.de\\\/oberschwaben\\\/#website\"},\"primaryImageOfPage\":{\"@id\":\"https:\\\/\\\/minilernkreis.de\\\/oberschwaben\\\/ueber-uns\\\/#primaryimage\"},\"image\":{\"@id\":\"https:\\\/\\\/minilernkreis.de\\\/oberschwaben\\\/ueber-uns\\\/#primaryimage\"},\"thumbnailUrl\":\"https:\\\/\\\/minilernkreis.de\\\/oberschwaben\\\/wp-content\\\/uploads\\\/sites\\\/35\\\/5ba64d3d-f0d1-4ff1-9604-a35b50f56c7f-247x300.jpg\",\"datePublished\":\"2026-02-22T09:34:36+00:00\",\"dateModified\":\"2026-03-17T11:37:45+00:00\",\"description\":\"\u00dcber uns Nachhilfe Biberach Oberschwaben \u2013 Erfahren Sie mehr \u00fcber das Team des Minilernkreis Oberschwaben, unsere Werte, Erfahrung und individuelle F\u00f6rderung f\u00fcr Sch\u00fcler.\",\"breadcrumb\":{\"@id\":\"https:\\\/\\\/minilernkreis.de\\\/oberschwaben\\\/ueber-uns\\\/#breadcrumb\"},\"inLanguage\":\"de\",\"potentialAction\":[{\"@type\":\"ReadAction\",\"target\":[\"https:\\\/\\\/minilernkreis.de\\\/oberschwaben\\\/ueber-uns\\\/\"]}]},{\"@type\":\"ImageObject\",\"inLanguage\":\"de\",\"@id\":\"https:\\\/\\\/minilernkreis.de\\\/oberschwaben\\\/ueber-uns\\\/#primaryimage\",\"url\":\"https:\\\/\\\/minilernkreis.de\\\/oberschwaben\\\/wp-content\\\/uploads\\\/sites\\\/35\\\/5ba64d3d-f0d1-4ff1-9604-a35b50f56c7f.jpg\",\"contentUrl\":\"https:\\\/\\\/minilernkreis.de\\\/oberschwaben\\\/wp-content\\\/uploads\\\/sites\\\/35\\\/5ba64d3d-f0d1-4ff1-9604-a35b50f56c7f.jpg\",\"width\":879,\"height\":1069,\"caption\":\"Sch\u00fclerhilfe Minilernkreis Lerntreff vorderansicht\"},{\"@type\":\"BreadcrumbList\",\"@id\":\"https:\\\/\\\/minilernkreis.de\\\/oberschwaben\\\/ueber-uns\\\/#breadcrumb\",\"itemListElement\":[{\"@type\":\"ListItem\",\"position\":1,\"name\":\"Start\",\"item\":\"https:\\\/\\\/minilernkreis.de\\\/oberschwaben\\\/\"},{\"@type\":\"ListItem\",\"position\":2,\"name\":\"\u00dcber uns\"}]},{\"@type\":\"WebSite\",\"@id\":\"https:\\\/\\\/minilernkreis.de\\\/oberschwaben\\\/#website\",\"url\":\"https:\\\/\\\/minilernkreis.de\\\/oberschwaben\\\/\",\"name\":\"Mini-Lernkreis Oberschwaben\",\"description\":\"Nachhilfe in N\u00fcrnberg\",\"publisher\":{\"@id\":\"https:\\\/\\\/minilernkreis.de\\\/oberschwaben\\\/#organization\"},\"potentialAction\":[{\"@type\":\"SearchAction\",\"target\":{\"@type\":\"EntryPoint\",\"urlTemplate\":\"https:\\\/\\\/minilernkreis.de\\\/oberschwaben\\\/?s={search_term_string}\"},\"query-input\":{\"@type\":\"PropertyValueSpecification\",\"valueRequired\":true,\"valueName\":\"search_term_string\"}}],\"inLanguage\":\"de\"},{\"@type\":\"Organization\",\"@id\":\"https:\\\/\\\/minilernkreis.de\\\/oberschwaben\\\/#organization\",\"name\":\"Mini-Lernkreis Chlebnitschek\",\"url\":\"https:\\\/\\\/minilernkreis.de\\\/oberschwaben\\\/\",\"logo\":{\"@type\":\"ImageObject\",\"inLanguage\":\"de\",\"@id\":\"https:\\\/\\\/minilernkreis.de\\\/oberschwaben\\\/#\\\/schema\\\/logo\\\/image\\\/\",\"url\":\"https:\\\/\\\/minilernkreis.de\\\/oberschwaben\\\/wp-content\\\/uploads\\\/sites\\\/35\\\/logo_minilernkreis.svg\",\"contentUrl\":\"https:\\\/\\\/minilernkreis.de\\\/oberschwaben\\\/wp-content\\\/uploads\\\/sites\\\/35\\\/logo_minilernkreis.svg\",\"width\":\"1024\",\"height\":\"1024\",\"caption\":\"Mini-Lernkreis Chlebnitschek\"},\"image\":{\"@id\":\"https:\\\/\\\/minilernkreis.de\\\/oberschwaben\\\/#\\\/schema\\\/logo\\\/image\\\/\"}}]}<\/script>\n<!-- \/ Yoast SEO plugin. -->","yoast_head_json":{"title":"\u00dcber uns Nachhilfe Biberach Oberschwaben \u2013 Minilernkreis Team","description":"\u00dcber uns Nachhilfe Biberach Oberschwaben \u2013 Erfahren Sie mehr \u00fcber das Team des Minilernkreis Oberschwaben, unsere Werte, Erfahrung und individuelle F\u00f6rderung f\u00fcr Sch\u00fcler.","robots":{"index":"index","follow":"follow","max-snippet":"max-snippet:-1","max-image-preview":"max-image-preview:large","max-video-preview":"max-video-preview:-1"},"canonical":"https:\/\/minilernkreis.de\/oberschwaben\/ueber-uns\/","og_locale":"de_DE","og_type":"article","og_title":"\u00dcber uns Nachhilfe Biberach Oberschwaben \u2013 Minilernkreis Team","og_description":"\u00dcber uns Nachhilfe Biberach Oberschwaben \u2013 Erfahren Sie mehr \u00fcber das Team des Minilernkreis Oberschwaben, unsere Werte, Erfahrung und individuelle F\u00f6rderung f\u00fcr Sch\u00fcler.","og_url":"https:\/\/minilernkreis.de\/oberschwaben\/ueber-uns\/","og_site_name":"Mini-Lernkreis Chlebnitschek","article_modified_time":"2026-03-17T11:37:45+00:00","og_image":[{"width":879,"height":1069,"url":"https:\/\/minilernkreis.de\/oberschwaben\/wp-content\/uploads\/sites\/35\/5ba64d3d-f0d1-4ff1-9604-a35b50f56c7f.jpg","type":"image\/jpeg"}],"twitter_card":"summary_large_image","twitter_misc":{"Gesch\u00e4tzte Lesezeit":"2\u00a0Minuten"},"schema":{"@context":"https:\/\/schema.org","@graph":[{"@type":"WebPage","@id":"https:\/\/minilernkreis.de\/oberschwaben\/ueber-uns\/","url":"https:\/\/minilernkreis.de\/oberschwaben\/ueber-uns\/","name":"\u00dcber uns Nachhilfe Biberach Oberschwaben \u2013 Minilernkreis Team","isPartOf":{"@id":"https:\/\/minilernkreis.de\/oberschwaben\/#website"},"primaryImageOfPage":{"@id":"https:\/\/minilernkreis.de\/oberschwaben\/ueber-uns\/#primaryimage"},"image":{"@id":"https:\/\/minilernkreis.de\/oberschwaben\/ueber-uns\/#primaryimage"},"thumbnailUrl":"https:\/\/minilernkreis.de\/oberschwaben\/wp-content\/uploads\/sites\/35\/5ba64d3d-f0d1-4ff1-9604-a35b50f56c7f-247x300.jpg","datePublished":"2026-02-22T09:34:36+00:00","dateModified":"2026-03-17T11:37:45+00:00","description":"\u00dcber uns Nachhilfe Biberach Oberschwaben \u2013 Erfahren Sie mehr \u00fcber das Team des Minilernkreis Oberschwaben, unsere Werte, Erfahrung und individuelle F\u00f6rderung f\u00fcr Sch\u00fcler.","breadcrumb":{"@id":"https:\/\/minilernkreis.de\/oberschwaben\/ueber-uns\/#breadcrumb"},"inLanguage":"de","potentialAction":[{"@type":"ReadAction","target":["https:\/\/minilernkreis.de\/oberschwaben\/ueber-uns\/"]}]},{"@type":"ImageObject","inLanguage":"de","@id":"https:\/\/minilernkreis.de\/oberschwaben\/ueber-uns\/#primaryimage","url":"https:\/\/minilernkreis.de\/oberschwaben\/wp-content\/uploads\/sites\/35\/5ba64d3d-f0d1-4ff1-9604-a35b50f56c7f.jpg","contentUrl":"https:\/\/minilernkreis.de\/oberschwaben\/wp-content\/uploads\/sites\/35\/5ba64d3d-f0d1-4ff1-9604-a35b50f56c7f.jpg","width":879,"height":1069,"caption":"Sch\u00fclerhilfe Minilernkreis Lerntreff vorderansicht"},{"@type":"BreadcrumbList","@id":"https:\/\/minilernkreis.de\/oberschwaben\/ueber-uns\/#breadcrumb","itemListElement":[{"@type":"ListItem","position":1,"name":"Start","item":"https:\/\/minilernkreis.de\/oberschwaben\/"},{"@type":"ListItem","position":2,"name":"\u00dcber uns"}]},{"@type":"WebSite","@id":"https:\/\/minilernkreis.de\/oberschwaben\/#website","url":"https:\/\/minilernkreis.de\/oberschwaben\/","name":"Mini-Lernkreis Oberschwaben","description":"Nachhilfe in N\u00fcrnberg","publisher":{"@id":"https:\/\/minilernkreis.de\/oberschwaben\/#organization"},"potentialAction":[{"@type":"SearchAction","target":{"@type":"EntryPoint","urlTemplate":"https:\/\/minilernkreis.de\/oberschwaben\/?s={search_term_string}"},"query-input":{"@type":"PropertyValueSpecification","valueRequired":true,"valueName":"search_term_string"}}],"inLanguage":"de"},{"@type":"Organization","@id":"https:\/\/minilernkreis.de\/oberschwaben\/#organization","name":"Mini-Lernkreis Chlebnitschek","url":"https:\/\/minilernkreis.de\/oberschwaben\/","logo":{"@type":"ImageObject","inLanguage":"de","@id":"https:\/\/minilernkreis.de\/oberschwaben\/#\/schema\/logo\/image\/","url":"https:\/\/minilernkreis.de\/oberschwaben\/wp-content\/uploads\/sites\/35\/logo_minilernkreis.svg","contentUrl":"https:\/\/minilernkreis.de\/oberschwaben\/wp-content\/uploads\/sites\/35\/logo_minilernkreis.svg","width":"1024","height":"1024","caption":"Mini-Lernkreis Chlebnitschek"},"image":{"@id":"https:\/\/minilernkreis.de\/oberschwaben\/#\/schema\/logo\/image\/"}}]}},"_links":{"self":[{"href":"https:\/\/minilernkreis.de\/oberschwaben\/wp-json\/wp\/v2\/pages\/4","targetHints":{"allow":["GET"]}}],"collection":[{"href":"https:\/\/minilernkreis.de\/oberschwaben\/wp-json\/wp\/v2\/pages"}],"about":[{"href":"https:\/\/minilernkreis.de\/oberschwaben\/wp-json\/wp\/v2\/types\/page"}],"author":[{"embeddable":true,"href":"https:\/\/minilernkreis.de\/oberschwaben\/wp-json\/wp\/v2\/users\/5"}],"replies":[{"embeddable":true,"href":"https:\/\/minilernkreis.de\/oberschwaben\/wp-json\/wp\/v2\/comments?post=4"}],"version-history":[{"count":5,"href":"https:\/\/minilernkreis.de\/oberschwaben\/wp-json\/wp\/v2\/pages\/4\/revisions"}],"predecessor-version":[{"id":240,"href":"https:\/\/minilernkreis.de\/oberschwaben\/wp-json\/wp\/v2\/pages\/4\/revisions\/240"}],"wp:attachment":[{"href":"https:\/\/minilernkreis.de\/oberschwaben\/wp-json\/wp\/v2\/media?parent=4"}],"curies":[{"name":"wp","href":"https:\/\/api.w.org\/{rel}","templated":true}]}}