{"version":"1.0","provider_name":"Mini-Lernkreis Hertle","provider_url":"https:\/\/minilernkreis.de\/nuernberg","author_name":"bknetsch","author_url":"https:\/\/minilernkreis.de\/nuernberg\/author\/bknetsch\/","title":"\u00dcber uns - Mini-Lernkreis Hertle","type":"rich","width":600,"height":338,"html":"<blockquote class=\"wp-embedded-content\" data-secret=\"yQ6bfeZ0Wm\"><a href=\"https:\/\/minilernkreis.de\/nuernberg\/ueber-uns\/\">\u00dcber uns<\/a><\/blockquote><iframe sandbox=\"allow-scripts\" security=\"restricted\" src=\"https:\/\/minilernkreis.de\/nuernberg\/ueber-uns\/embed\/#?secret=yQ6bfeZ0Wm\" width=\"600\" height=\"338\" title=\"&#8222;\u00dcber uns&#8220; &#8211; Mini-Lernkreis Hertle\" data-secret=\"yQ6bfeZ0Wm\" frameborder=\"0\" marginwidth=\"0\" marginheight=\"0\" scrolling=\"no\" class=\"wp-embedded-content\"><\/iframe><script>\n\/*! This file is auto-generated *\/\n!function(d,l){\"use strict\";l.querySelector&&d.addEventListener&&\"undefined\"!=typeof URL&&(d.wp=d.wp||{},d.wp.receiveEmbedMessage||(d.wp.receiveEmbedMessage=function(e){var t=e.data;if((t||t.secret||t.message||t.value)&&!\/[^a-zA-Z0-9]\/.test(t.secret)){for(var s,r,n,a=l.querySelectorAll('iframe[data-secret=\"'+t.secret+'\"]'),o=l.querySelectorAll('blockquote[data-secret=\"'+t.secret+'\"]'),c=new RegExp(\"^https?:$\",\"i\"),i=0;i<o.length;i++)o[i].style.display=\"none\";for(i=0;i<a.length;i++)s=a[i],e.source===s.contentWindow&&(s.removeAttribute(\"style\"),\"height\"===t.message?(1e3<(r=parseInt(t.value,10))?r=1e3:~~r<200&&(r=200),s.height=r):\"link\"===t.message&&(r=new URL(s.getAttribute(\"src\")),n=new URL(t.value),c.test(n.protocol))&&n.host===r.host&&l.activeElement===s&&(d.top.location.href=t.value))}},d.addEventListener(\"message\",d.wp.receiveEmbedMessage,!1),l.addEventListener(\"DOMContentLoaded\",function(){for(var e,t,s=l.querySelectorAll(\"iframe.wp-embedded-content\"),r=0;r<s.length;r++)(t=(e=s[r]).getAttribute(\"data-secret\"))||(t=Math.random().toString(36).substring(2,12),e.src+=\"#?secret=\"+t,e.setAttribute(\"data-secret\",t)),e.contentWindow.postMessage({message:\"ready\",secret:t},\"*\")},!1)))}(window,document);\n\/\/# sourceURL=https:\/\/minilernkreis.de\/nuernberg\/wp-includes\/js\/wp-embed.min.js\n<\/script>\n","description":"Der Mini-Lernkreis in der Region N\u00fcrnberg, F\u00fcrth, Neustadt a.d. Aisch, Roth, Neumarkt i.d. OPf. Bereits 1974 legte Dieter Adam mit der Gr\u00fcndung des damaligen Lehrinstituts Adam den Grundstein f\u00fcr ein erfolgreiches Nachhilfekonzept. Von Beginn an stand dabei eine pers\u00f6nliche und nachhaltige Lernf\u00f6rderung in kleinen Gruppen und im Einzelunterricht im Mittelpunkt. Heute unterst\u00fctzt der Mini-Lernkreis Sch\u00fclerinnen [&hellip;]"}

Über uns - Mini-Lernkreis Hertle

<blockquote class="wp-embedded-content" data-secret="yQ6bfeZ0Wm"><a href="https://minilernkreis.de/nuernberg/ueber-uns/">Über uns</a></blockquote><iframe sandbox="allow-scripts" security="restricted" src="https://minilernkreis.de/nuernberg/ueber-uns/embed/#?secret=yQ6bfeZ0Wm" width="600" height="338" title="&#8222;Über uns&#8220; &#8211; Mini-Lernkreis Hertle" data-secret="yQ6bfeZ0Wm" frameborder="0" marginwidth="0" marginheight="0" scrolling="no" class="wp-embedded-content"></iframe><script>
/*! This file is auto-generated */
!function(d,l){"use strict";l.querySelector&&d.addEventListener&&"undefined"!=typeof URL&&(d.wp=d.wp||{},d.wp.receiveEmbedMessage||(d.wp.receiveEmbedMessage=function(e){var t=e.data;if((t||t.secret||t.message||t.value)&&!/[^a-zA-Z0-9]/.test(t.secret)){for(var s,r,n,a=l.querySelectorAll('iframe[data-secret="'+t.secret+'"]'),o=l.querySelectorAll('blockquote[data-secret="'+t.secret+'"]'),c=new RegExp("^https?:$","i"),i=0;i<o.length;i++)o[i].style.display="none";for(i=0;i<a.length;i++)s=a[i],e.source===s.contentWindow&&(s.removeAttribute("style"),"height"===t.message?(1e3<(r=parseInt(t.value,10))?r=1e3:~~r<200&&(r=200),s.height=r):"link"===t.message&&(r=new URL(s.getAttribute("src")),n=new URL(t.value),c.test(n.protocol))&&n.host===r.host&&l.activeElement===s&&(d.top.location.href=t.value))}},d.addEventListener("message",d.wp.receiveEmbedMessage,!1),l.addEventListener("DOMContentLoaded",function(){for(var e,t,s=l.querySelectorAll("iframe.wp-embedded-content"),r=0;r<s.length;r++)(t=(e=s[r]).getAttribute("data-secret"))||(t=Math.random().toString(36).substring(2,12),e.src+="#?secret="+t,e.setAttribute("data-secret",t)),e.contentWindow.postMessage({message:"ready",secret:t},"*")},!1)))}(window,document);
//# sourceURL=https://minilernkreis.de/nuernberg/wp-includes/js/wp-embed.min.js
</script>

Der Mini-Lernkreis in der Region Nürnberg, Fürth, Neustadt a.d. Aisch, Roth, Neumarkt i.d. OPf. Bereits 1974 legte Dieter Adam mit der Gründung des damaligen Lehrinstituts Adam den Grundstein für ein erfolgreiches Nachhilfekonzept. Von Beginn an stand dabei eine persönliche und nachhaltige Lernförderung in kleinen Gruppen und im Einzelunterricht im Mittelpunkt. Heute unterstützt der Mini-Lernkreis Schülerinnen [&hellip;]
