{"version":"1.0","provider_name":"Mini-Lernkreis Celik (K\u00f6ln)","provider_url":"https:\/\/minilernkreis.de\/koeln","author_name":"bknetsch","author_url":"https:\/\/minilernkreis.de\/koeln\/author\/bknetsch\/","title":"Kontakt - Mini-Lernkreis Celik (K\u00f6ln)","type":"rich","width":600,"height":338,"html":"<blockquote class=\"wp-embedded-content\" data-secret=\"zAOGXjNTfu\"><a href=\"https:\/\/minilernkreis.de\/koeln\/kontakt\/\">Kontakt<\/a><\/blockquote><iframe sandbox=\"allow-scripts\" security=\"restricted\" src=\"https:\/\/minilernkreis.de\/koeln\/kontakt\/embed\/#?secret=zAOGXjNTfu\" width=\"600\" height=\"338\" title=\"&#8222;Kontakt&#8220; &#8211; Mini-Lernkreis Celik (K\u00f6ln)\" data-secret=\"zAOGXjNTfu\" frameborder=\"0\" marginwidth=\"0\" marginheight=\"0\" scrolling=\"no\" class=\"wp-embedded-content\"><\/iframe><script>\n\/*! This file is auto-generated *\/\n!function(d,l){\"use strict\";l.querySelector&&d.addEventListener&&\"undefined\"!=typeof URL&&(d.wp=d.wp||{},d.wp.receiveEmbedMessage||(d.wp.receiveEmbedMessage=function(e){var t=e.data;if((t||t.secret||t.message||t.value)&&!\/[^a-zA-Z0-9]\/.test(t.secret)){for(var s,r,n,a=l.querySelectorAll('iframe[data-secret=\"'+t.secret+'\"]'),o=l.querySelectorAll('blockquote[data-secret=\"'+t.secret+'\"]'),c=new RegExp(\"^https?:$\",\"i\"),i=0;i<o.length;i++)o[i].style.display=\"none\";for(i=0;i<a.length;i++)s=a[i],e.source===s.contentWindow&&(s.removeAttribute(\"style\"),\"height\"===t.message?(1e3<(r=parseInt(t.value,10))?r=1e3:~~r<200&&(r=200),s.height=r):\"link\"===t.message&&(r=new URL(s.getAttribute(\"src\")),n=new URL(t.value),c.test(n.protocol))&&n.host===r.host&&l.activeElement===s&&(d.top.location.href=t.value))}},d.addEventListener(\"message\",d.wp.receiveEmbedMessage,!1),l.addEventListener(\"DOMContentLoaded\",function(){for(var e,t,s=l.querySelectorAll(\"iframe.wp-embedded-content\"),r=0;r<s.length;r++)(t=(e=s[r]).getAttribute(\"data-secret\"))||(t=Math.random().toString(36).substring(2,12),e.src+=\"#?secret=\"+t,e.setAttribute(\"data-secret\",t)),e.contentWindow.postMessage({message:\"ready\",secret:t},\"*\")},!1)))}(window,document);\n\/\/# sourceURL=https:\/\/minilernkreis.de\/koeln\/wp-includes\/js\/wp-embed.min.js\n<\/script>\n","description":"Kontakt Mini-Lernkreis K\u00f6ln Anschrift:Agnes-Decker-Stra\u00dfe 7 50321 Br\u00fcel Telefon:0176 841 362 43 E-Mail:d.celik@minilernkreis.de Sie sind hier: Sie haben Interesse an einem Beratungsgespr\u00e4ch? So erreichen Sie uns Wir sind Montags bis Freitags von Kontaktformular Hinweis zum Datenschutz Ihre personenbezogenen Daten werden im Sinne des Datenschutzgesetzes ausschlie\u00dflich zur Bearbeitung und Beantwortung Ihrer Anfrage erhoben, \u00fcbermittelt, verarbeitet und genutzt. [&hellip;]"}

Mini-Lernkreis Celik (Köln)

Kontakt - Mini-Lernkreis Celik (Köln)

<blockquote class="wp-embedded-content" data-secret="zAOGXjNTfu"><a href="https://minilernkreis.de/koeln/kontakt/">Kontakt</a></blockquote><iframe sandbox="allow-scripts" security="restricted" src="https://minilernkreis.de/koeln/kontakt/embed/#?secret=zAOGXjNTfu" width="600" height="338" title="&#8222;Kontakt&#8220; &#8211; Mini-Lernkreis Celik (Köln)" data-secret="zAOGXjNTfu" frameborder="0" marginwidth="0" marginheight="0" scrolling="no" class="wp-embedded-content"></iframe><script>
/*! This file is auto-generated */
!function(d,l){"use strict";l.querySelector&&d.addEventListener&&"undefined"!=typeof URL&&(d.wp=d.wp||{},d.wp.receiveEmbedMessage||(d.wp.receiveEmbedMessage=function(e){var t=e.data;if((t||t.secret||t.message||t.value)&&!/[^a-zA-Z0-9]/.test(t.secret)){for(var s,r,n,a=l.querySelectorAll('iframe[data-secret="'+t.secret+'"]'),o=l.querySelectorAll('blockquote[data-secret="'+t.secret+'"]'),c=new RegExp("^https?:$","i"),i=0;i<o.length;i++)o[i].style.display="none";for(i=0;i<a.length;i++)s=a[i],e.source===s.contentWindow&&(s.removeAttribute("style"),"height"===t.message?(1e3<(r=parseInt(t.value,10))?r=1e3:~~r<200&&(r=200),s.height=r):"link"===t.message&&(r=new URL(s.getAttribute("src")),n=new URL(t.value),c.test(n.protocol))&&n.host===r.host&&l.activeElement===s&&(d.top.location.href=t.value))}},d.addEventListener("message",d.wp.receiveEmbedMessage,!1),l.addEventListener("DOMContentLoaded",function(){for(var e,t,s=l.querySelectorAll("iframe.wp-embedded-content"),r=0;r<s.length;r++)(t=(e=s[r]).getAttribute("data-secret"))||(t=Math.random().toString(36).substring(2,12),e.src+="#?secret="+t,e.setAttribute("data-secret",t)),e.contentWindow.postMessage({message:"ready",secret:t},"*")},!1)))}(window,document);
//# sourceURL=https://minilernkreis.de/koeln/wp-includes/js/wp-embed.min.js
</script>

Kontakt Mini-Lernkreis Köln Anschrift:Agnes-Decker-Straße 7 50321 Brüel Telefon:0176 841 362 43 E-Mail:d.celik@minilernkreis.de Sie sind hier: Sie haben Interesse an einem Beratungsgespräch? So erreichen Sie uns Wir sind Montags bis Freitags von Kontaktformular Hinweis zum Datenschutz Ihre personenbezogenen Daten werden im Sinne des Datenschutzgesetzes ausschließlich zur Bearbeitung und Beantwortung Ihrer Anfrage erhoben, übermittelt, verarbeitet und genutzt. [&hellip;]
